 divide 1175122816?
True
Is 1101 a factor of 13982389?
False
Does 294 divide 139005388?
False
Is 25512870 a multiple of 855?
False
Does 69 divide 32461981?
False
Is 20440150 a multiple of 585?
False
Is 1586425945 a multiple of 13?
True
Is 53600501 a multiple of 19?
True
Does 144 divide 71956224?
True
Does 18 divide 81676910?
False
Is 462512000 a multiple of 128?
True
Is 104751479 a multiple of 244?
False
Is 847 a factor of 3901475963?
True
Does 6 divide 19839274?
False
Is 5770 a factor of 580542780?
True
Is 1191432 a multiple of 15?
False
Is 1362 a factor of 60005695?
False
Does 6 divide 7621625?
False
Is 66741510 a multiple of 789?
True
Is 17 a factor of 51631581?
False
Is 46369693 a multiple of 1560?
False
Is 90912965 a multiple of 11?
True
Does 16 divide 207040768?
True
Does 4839 divide 177965191?
False
Does 383 divide 10232846?
False
Is 404159103 a multiple of 24?
False
Does 59 divide 41285651?
False
Is 270928723 a multiple of 13?
True
Does 1685 divide 41918763?
False
Does 172 divide 41023152?
False
Is 2462 a factor of 46539981?
False
Is 332000736 a multiple of 602?
False
Is 1090 a factor of 45385420?
True
Is 952 a factor of 4889472?
True
Is 9 a factor of 17392822?
False
Is 1143208 a multiple of 9?
False
Is 226846004 a multiple of 154?
True
Is 48 a factor of 98567425?
False
Does 34 divide 2977875107?
False
Is 520089216 a multiple of 4?
True
Is 1481 a factor of 100197055?
True
Does 1340 divide 166297282?
False
Is 1877340 a multiple of 20?
True
Is 77541492 a multiple of 28?
True
Is 173445334 a multiple of 41?
True
Is 1376 a factor of 18131213?
False
Does 967 divide 674390409?
False
Does 943 divide 246967000?
False
Is 179915086 a multiple of 362?
True
Is 148175927 a multiple of 1139?
True
Does 147 divide 82654719?
True
Does 149 divide 18180831?
True
Does 134 divide 4521729232?
True
Does 530 divide 1512024920?
False
Is 785928348 a multiple of 18?
True
Is 30343091 a multiple of 353?
False
Does 65 divide 57157497?
False
Is 8 a factor of 3265461?
False
Does 8 divide 595500967?
False
Does 755 divide 370497726?
False
Is 7 a factor of 289558539?
False
Is 7297 a factor of 430362466?
True
Is 42165392 a multiple of 376?
True
Is 58547048 a multiple of 691?
True
Does 42 divide 61044851?
False
Does 345 divide 2068389435?
False
Does 703 divide 23756479?
True
Is 139623550 a multiple of 85?
True
Is 289 a factor of 38892464?
True
Is 37 a factor of 62097478?
False
Is 1811052 a multiple of 9?
True
Is 205960545 a multiple of 20?
False
Is 69634289 a multiple of 658?
False
Is 605334349 a multiple of 433?
False
Is 8 a factor of 23353232?
True
Is 88550760 a multiple of 1827?
False
Is 18 a factor of 2498819227?
False
Does 1248 divide 236864215?
False
Does 7 divide 29411249?
True
Does 1257 divide 1578670970?
False
Is 68443701 even?
False
Is 5 a factor of 1737630?
True
Is 87521587 a multiple of 286?
False
Does 18 divide 14040036?
True
Is 17 a factor of 66544786?
False
Is 65290863 a multiple of 561?
True
Is 147419805 a multiple of 78?
False
Is 39970560 a multiple of 160?
True
Is 293 a factor of 13186197?
False
Is 133533338 a multiple of 15?
False
Is 533633176 a multiple of 46?
False
Does 91 divide 3336015?
False
Does 195 divide 38855132?
False
Is 6642317 a multiple of 179?
False
Is 465 a factor of 59692050?
True
Does 10 divide 115890448?
False
Is 33332745 a multiple of 87?
True
Does 38 divide 5198324?
True
Is 219170280 a multiple of 120?
True
Does 3339 divide 439314574?
False
Does 8 divide 36082712?
True
Does 16 divide 2766286163?
False
Is 106382012 a multiple of 382?
False
Is 33 a factor of 38123184?
True
Does 96 divide 20126794?
False
Is 11 a factor of 323157615?
True
Is 49057416 a multiple of 24?
True
Is 549930 even?
True
Is 12131488 a multiple of 65?
False
Is 82517846 a multiple of 13?
False
Is 49 a factor of 695072154?
True
Does 8547 divide 832007715?
True
Is 2063 a factor of 4998649?
True
Is 240 a factor of 19510408?
False
Does 141 divide 1096207506?
False
Does 7 divide 14371225?
False
Is 154 a factor of 451316250?
True
Is 189781110 a multiple of 54?
True
Is 247 a factor of 155272311?
False
Is 76794748 a multiple of 29?
False
Is 399197281 a multiple of 422?
False
Is 140 a factor of 7777700?
True
Is 43 a factor of 724168648?
False
Does 349 divide 1822478?
True
Is 18 a factor of 147724850?
False
Does 109 divide 70758876?
True
Does 189 divide 1490572986?
False
Does 33 divide 2718200001?
True
Is 180422910 a multiple of 18?
True
Is 98494429 a multiple of 11?
True
Is 35 a factor of 71030270?
False
Is 4 a factor of 665553?
False
Does 15 divide 141374565?
True
Does 455 divide 209676899?
False
Does 15 divide 2738876940?
True
Does 745 divide 637569545?
False
Is 205 a factor of 911172996?
False
Is 4195893594 a multiple of 87?
True
Is 1695 a factor of 1188662082?
False
Is 169 a factor of 37937790?
False
Is 103 a factor of 61879181?
False
Is 610 a factor of 31651070?
True
Is 792 a factor of 3780789?
False
Is 2578 a factor of 188547186?
True
Is 2778 a factor of 495825774?
True
Is 583707510 a multiple of 2?
True
Is 3131 a factor of 1597880802?
True
Is 33 a factor of 9141759?
True
Is 773488683 a multiple of 243?
True
Does 500 divide 1219601500?
True
Does 964 divide 75934058?
False
Is 81230454 a multiple of 102?
True
Is 395 a factor of 462234730?
False
Does 1447 divide 197609364?
False
Is 508 a factor of 23705275?
False
Does 14 divide 134711107?
False
Is 1102276812 a multiple of 4732?
True
Is 109 a factor of 783082814?
True
Is 846 a factor of 804154302?
True
Is 5538239 a multiple of 943?
True
Is 2242972274 a multiple of 42?
False
Does 2 divide 2012994?
True
Is 1374294500 a multiple of 10?
True
Does 37 divide 133482382?
False
Is 45554417 a multiple of 26?
False
Is 36809985 a multiple of 4?
False
Is 1902311806 a multiple of 173?
True
Is 802 a factor of 14415950?
True
Is 4517 a factor of 175637913?
False
Does 1741 divide 5815063151?
False
Does 569 divide 14177773?
True
Is 364546704 a multiple of 1543?
False
Does 14 divide 10632887?
False
Is 19831760 a multiple of 312?
False
Is 172 a factor of 182859564?
True
Is 6534 a factor of 2735047458?
True
Is 99154764 a multiple of 800?
False
Does 159 divide 152228604?
False
Is 3198 a factor of 3255327?
False
Is 450782853 a multiple of 1102?
False
Is 8654 a factor of 1878930518?
True
Is 786195438 a multiple of 14?
True
Is 813 a factor of 146407730?
False
Is 373888774 a multiple of 803?
False
Is 49338397 a multiple of 3?
False
Does 146 divide 51202148?
False
Does 237 divide 5407155?
True
Is 405 a factor of 3142266?
False
Is 397037908 a multiple of 2154?
False
Is 32114817 a multiple of 1533?
True
Is 35840070 a multiple of 1715?
True
Does 540 divide 124756167?
False
Is 322 a factor of 96235174?
True
Is 10980794 a multiple of 1438?
False
Is 773 a factor of 664496?
False
Does 10 divide 10720430?
True
Is 54 a factor of 71217498?
False
Is 14 a factor of 468168052?
False
Is 373 a factor of 17076126?
False
Is 47 a factor of 11210789?
False
Is 33 a factor of 372785853?
True
Is 322 a factor of 85349924?
False
Does 29 divide 21843581?
False
Is 740663360 a multiple of 41?
True
Is 201218326 a multiple of 547?
True
Is 20098836 a multiple of 537?
True
Does 5 divide 1940167587?
False
Does 102 divide 22032?
True
Does 76 divide 1243370061?
False
Does 69 divide 37927092?
True
Does 8 divide 280901240?
True
Does 16 divide 37203536?
True
Is 928509 a multiple of 4?
False
Is 1391 a factor of 176794709?
True
Is 837 a factor of 141317406?
True
Does 6 divide 18959450?
False
Does 2 divide 9647927?
False
Is 23 a factor of 1473492148?
True
Is 10 a factor of 11706727?
False
Does 203 divide 66307108?
True
Is 185991011 a multiple of 85?
False
Does 21 divide 198623670?
True
Is 2216658 a multiple of 12?
False
Is 2220070 a multiple of 4?
False
Is 105314391 a multiple of 2457?
True
Does 4938 divide 972465030?
True
Does 22 divide 21540947?
False
Does 22 divide 19636349?
False
Is 110707200 a multiple of 64?
True
Is 29112732 a multiple of 396?
True
Is 1026 a factor of 208490382?
True
Does 7 divide 12655765?
False
Does 251 divide 3801897?
True
Does 96 divide 6769914?
False
Does 126 divide 118386702?
True
Does 25 divide 31844175?
True
Does 354 divide 85819687?
False
Is 3154929336 a multiple of 3198?
True
Is 7 a factor of 7281302?
True
Is 192703147 a multiple of 91?
True
Is 2326183 a